ed by q(74).
0
Suppose 3*o = 2*o - 96. Let r be (2/4)/((-8)/o). Suppose -4*h - 4*x = -100, 38 = 2*h + 5*x - r. What is the remainder when h is divided by 14?
13
Suppose -w + 33 = -0*q + 5*q, -w - 4*q + 32 = 0. What is the remainder when 31 is divided by w?
3
Let i(u) = -u**2 + 27*u - 1. Let t(v) = -4*v**2 + 82*v - 2. Let k(h) = -7*i(h) + 2*t(h). Calculate the remainder when k(-22) is divided by 35.
34
Let x be 1/(-2)*2*-2. Suppose -6 = -x*l, 3*v + 3*l - 293 = -v. Let b = v - 12. What is the remainder when b is divided by 15?
14
Let d(f) = f + 11. Calculate the remainder when 22 is divided by d(5).
6
Let i(f) = -111*f + 3. Let y be i(-4). Suppose -6*q = -y - 651. Calculate the remainder when q is divided by 37.
35
Let z be (-1)/(4/(-148)*-1). Let w = z - -72. Calculate the remainder when 68 is divided by w.
33
Let k = 1658 + -1586. Calculate the remainder when k is divided by 27.
18
Let h(w) = 4*w**3 - 10*w**2 + 5*w. Suppose -3*n - 63 = -3*l, 3*n - 167 + 38 = -5*l. Calculate the remainder when h(4) is divided by l.
20
Let k(s) = 3*s**2 - 11*s. What is the remainder when 10 is divided by k(4)?
2
Let n = 39 - -254. Suppose n = 5*k + 2*a + 2*a, 112 = 2*k - a. Calculate the remainder when k is divided by 30.
27
Suppose 4*k = -0*c + c + 91, -439 = 5*c - 4*k. Let y = 146 - 24. Let h = c + y. What is the remainder when h is divided by 12?
11
Let o be 26/(-169) + 145/13. Let y = -21 + 24. What is the remainder when o/(-2)*(-4)/2 is divided by y?
2
Let l = -12 - -14. Suppose 174 = 4*u - l*v, 7*u - 3*u = 3*v + 177. What is the remainder when u is divided by 22?
20
Let t = -6 + 8. Let b(a) = -4*a - 18. Let c be b(-10). Let w = t + c. What is the remainder when w is divided by 9?
6
Let a be (19 - -3) + 4*1/2. Suppose 0 = -3*h, -4*p + 5*h + a = 8*h. Calculate the remainder when p is divided by 2.
0
Let w be 678/21 + 4/(-14). Suppose -3*z = z - w. Suppose 32 = 4*v + z. Calculate the remainder when v is divided by 4.
2
Let m = -4 - -8. Suppose 3*s - 110 = -2*a, 5*a - 64 = -3*s + 40. Calculate the remainder when s is divided by 9 + -3*m/(-12).
8
Let m(s) = s**2 + 2*s - 6. Suppose -2*c + 5 = -3*c. Let z be m(c). Suppose -4*y - z = -265. What is the remainder when y is divided by 17?
13
Suppose -16*r + 44 = -15*r. Let g = -20 - -48. Let i = g - 5. Calculate the remainder when r is divided by i.
21
Let u(o) = -o - 4. Let m be u(-12). Let p be (-6)/((-3)/(12/m)). Suppose -54 = -5*r + p*r. Calculate the remainder when 106 is divided by r.
25
Let h(d) = 2*d + d - 6 + d. Suppose 0 = 3*y + 5*v - 35, 3*y = 4*v - 7*v + 33. Calculate the remainder when h(8) is divided by y.
6
Let n = -9 - -11. Suppose n*w - 46 = 2. Suppose w = 17*k - 13*k. What is the remainder when 11 is divided by k?
5
Calculate the remainder when 119 is divided by 20*2/(-5)*(-10)/8.
9
Let w = 1119 + -1064. What is the remainder when w is divided by 19?
17
Let j be 8/(-20) - (-6)/15. Let h(z) = z**2 - z + 18. Calculate the remainder when 52 is divided by h(j).
16
Let g = -69 + 115. Suppose 8*c - 7*c - 90 = 0. What is the remainder when c is divided by g?
44
Let x(n) = n**2 - 2*n + 2. Let l(m) = -m - 12. Let f be l(-9). Let j be (f - (2 - 2))*-2. Calculate the remainder when x(j) is divided by 14.
12
Let y(h) = h**3 - 8*h**2 - 2*h + 18. Let w be y(8). Suppose -3*k = -w*d - 3 + 13, k - 4 = 0. What is the remainder when 20 is divided by d?
9
Let r(l) = -9*l + 4. Let f be 1/(-3 - (-103)/34). Suppose 2*h - 3*h = -3*y + 22, -5*h + f = 3*y. What is the remainder when r(-3) is divided by y?
7
Let p(c) = 4*c**2 - c - 27. Let v be p(6). Let r = -99 + v. What is the remainder when r is divided by 7?
5
Let l = -37 - -26. Let a = 46 - l. What is the remainder when a is divided by 30?
27
Suppose 2*f + 3*c - 14 = 1, 0 = 5*f + 3*c - 60. Let n = 15 - f. Suppose 0 = -n*k + 6*k - 162. What is the remainder when 80 is divided by k?
26
Let z(w) = w**3 + 4*w**2 - 9*w - 7. Calculate the remainder when 48 is divided by z(-5).
9
Suppose 14*n - 13*n = 388. What is the remainder when n is divided by 30?
28
Suppose 2*j = 4*g, -3*j + 5 + 13 = 3*g. Let w(h) = -11*h + 2*h**2 + 20 + 0*h**2 - h**g + 0*h. Calculate the remainder when 36 is divided by w(10).
6
Suppose 45 = z + 4*j, 2*z - 20 = -5*j + 55. Calculate the remainder when 68 is divided by z.
18
Let a(i) = 7*i**2 - i + 3. Let o be (20/(-16))/(1/(-4)). Suppose -5*g = -t + 2 - 5, -o*t - g + 11 = 0. Calculate the remainder when a(t) is divided by 8.
5
Let v = 218 - 159. Calculate the remainder when v is divided by 29.
1
Let m(v) = 3*v**2 - 4*v + 7. What is the remainder when m(6) is divided by 3?
1
Let m(w) = -w**3 + 22*w**2 - 3*w + 74. What is the remainder when 55 is divided by m(22)?
7
Suppose -239 = -2*x + 8*k - 5*k, -5*x = -k - 578. Let f(l) = -17*l - 4. What is the remainder when x is divided by f(-2)?
25
Let s(b) = b**3 + 18*b**2 + 2*b + 19. Let t be s(-18). Let k(r) = -r**2 - 20*r - 48. What is the remainder when k(t) is divided by 2?
1
Suppose -179 - 41 = -20*m. Suppose 0*s + 114 = 3*s. What is the remainder when s is divided by m?
5
Let v be (-1 - (-35)/25)*-70. Calculate the remainder when 73 is divided by 4/(-6)*1554/v.
36
Let j = -10 + 16. What is the remainder when ((-63)/27)/(8 - 121/15) is divided by j?
5
Let i(d) = -48*d + 1. Let b(j) = -2*j - 9. Let f be b(-7). Let x(t) = -t + 4. Let r be x(f). Calculate the remainder when i(r) is divided by 17.
15
Let j = 39 + -19. Let d = j - 9. Calculate the remainder when 734/18 + 2/9 is divided by d.
8
Let y(k) = k**3 + 10*k**2 + 9*k + 6. Let j be y(-9). Let b(d) = d**2 - 3*d + 4. Let z be b(j). Calculate the remainder when z + (0 - -1)*-2 is divided by 11.
9
What is the remainder when 176 is divided by 4/(-3)*1230/(-40)?
12
Suppose -5*y = 5*u - 145, -3*u + 147 = -58*y + 63*y. Calculate the remainder when 506 is divided by y.
26
Let h = 232 - 233. Let p = -5 - 1. Let f = h - p. What is the remainder when 7 is divided by f?
2
Let i = 83 - 79. Calculate the remainder when 49 is divided by (-1 - i)/15 - 76/(-3).
24
Calculate the remainder when ((-2)/(-1) - 0)/(36/414) is divided by 1.
0
Suppose 2*x + x = -24. Let b = 19 + x. What is the remainder when 32 is divided by b?
10
Let l(d) = -2*d**2 - 2*d**2 + d + 5*d**2 + 4*d - 9. Let r be (-2)/(3 - 38/14). What is the remainder when 19 is divided by l(r)?
4
Suppose -v = 2*v - 51. Let c be (-119)/(-3) + (-2)/3. Let i = c - v. What is the remainder when i is divided by 12?
10
Let f(w) be the second derivative of -w**3/2 + 35*w**2/2 - 14*w. Let c(t) = 2*t**2 - 5*t - 3. Calculate the remainder when f(0) is divided by c(4).
8
Let g(d) = 13*d**2 + 73*d + 124. Let z(b) = 3*b**2 + 18*b + 31. Let v(u) = -2*g(u) + 9*z(u). What is the remainder when v(-15) is divided by 9?
7
Suppose -5*u - 36 = 3*v, 4*u + 4 = -2*v - 24. What is the remainder when 102/9 + 2/u is divided by 4?
3
Suppose -2*g = -3*c - 2*c + 184, 5*g - 170 = -5*c. Calculate the remainder when c is divided by 26.
10
Suppose 2100 = -9*g + 21*g. What is the remainder when g is divided by 74?
27
Let f(c) = c**2 + 6*c + 17. Calculate the remainder when 222 is divided by f(-4).
6
Let p = -70 - -106. Suppose -2*r = -8, r - 3*r = -4*l + p. Calculate the remainder when l is divided by 4.
3
Suppose 0 = 4*p - 12 - 4. Let x(f) = 3*f**2 - 4*f + 7. What is the remainder when x(p) is divided by 7?
4
Suppose -o + 2 = -0*o - 3*k, -k = -o + 8. Suppose 2*w - 42 = 7*w - 3*a, -31 = 4*w - 5*a. What is the remainder when o is divided by 2 - 8/2 - w?
4
Let f = -26 + -1. Let s = f - -40. What is the remainder when 36 is divided by s?
10
Let i(u) = u**2 - 2*u - 5. Let b(d) be the first derivative of d**2/2 + 10*d - 9. Calculate the remainder when b(18) is divided by i(5).
8
Let f(i) = 12*i**2 - i. Let k be f(-2). Suppose 0*z + k = 2*z. What is the remainder when z is divided by 9?
7
Let q = -13 - -5. Let c = 26 + q. Let u = -12 + c. What is the remainder when 29 is divided by u?
5
Let d(b) = 3*b**2 + 4*b - 10. Let p be d(4). Suppose -18 = 3*g - p. What is the remainder when g is divided by 8?
4
Let b = -878 - -920. Calculate the remainder when 124 is divided by b.
40
Let h(a) = 19*a**2 - a - 1. Suppose -x - 3*n - 33 = 0, -2*x - 100 = -4*n + 6. What is the remainder when (-561)/(-5) + 9/x is divided by h(-1)?
17
Suppose 0 = 2*k + 2*k + 4*x, 2*k - 6 = x